dreds digit of m?
6
Let x(o) be the first derivative of -7/3*o**3 + 3*o**2 + 1/2*o**4 + 6 + 0*o. What is the hundreds digit of x(6)?
2
Let f = 35308 + -19778. What is the units digit of f?
0
Let k = 7584 - 4021. What is the thousands digit of k?
3
Let x be 7*90/(-280)*(-1 - -13). Let t(c) = -41*c + 4. Let h be t(3). Let w = x - h. What is the units digit of w?
2
Suppose s + 5721 = 3*k, k + 4*s - 9569 = -4*k. What is the thousands digit of k?
1
Suppose 0 = -4*w + 5*w - 4. Suppose 3 = -k + w*k, -2*k = -v + 279. Let h = v + -185. What is the units digit of h?
6
Let b(l) = -l**2 + 13*l + 2. Let c be b(13). Suppose -c*p = -2*r - 2, p = 6*r - r + 13. What is the units digit of (-7)/(21/12)*p?
8
Let r = 95 - 97. Let m be (r - (-2)/2)*10. What is the units digit of ((-116)/m)/(19/(-5) - -4)?
8
Suppose -15 = 3*w, -1227*h = -1224*h + 2*w - 42929. What is the ten thousands digit of h?
1
Suppose 102*p = 113*p - 18975. Suppose -6*d = -2*q - d + p, -3*q + 2559 = 2*d. What is the units digit of q?
5
What is the thousands digit of -3*-7377*(-55)/(-33) + -10 + 2?
6
Suppose 4*q = 5*r + 2*q + 51, 18 = -3*r - 3*q. Let n be -3*(168/r)/7. Let g = n + 4. What is the tens digit of g?
1
Let k be -2 - (-6364)/6 - (-3)/9. Suppose 0 = -2*d - 577 - k. What is the hundreds digit of (-17)/68 - d/8?
1
Let z = -4 + 6. Suppose 4*u + 195 = 5*r + 187, 3*r - u - 9 = 0. Suppose -4*a = 4*y - 332, -3*a + r*y + 229 = z*y. What is the tens digit of a?
7
Let v(z) be the second derivative of -5*z**2 + 0 + 13*z - 4/3*z**3. What is the units digit of v(-4)?
2
Suppose 0 = -2*q - f + 13, q + f + 11 = 4*f. Suppose 3*c - 4*c + q*c = 0. Let z(p) = -p**2 - 3*p + 82. What is the tens digit of z(c)?
8
Let d(o) = -117*o + 1. Let n be d(5). Let w = n - -915. What is the units digit of w?
1
Let k(x) = -x - 3. Let q be k(-5). Let j be 75 - -2*1/(-4)*q. What is the units digit of 0 + 1 + j - 0/(-2)?
5
Suppose -21197 = -s - f, 5*s - 5*f = 9*s - 84791. What is the ten thousands digit of s?
2
Let r(k) = k**2 - 10*k - 8. Let d be r(11). Let y(w) = -w**2 - 3*w**3 - 3 + 4*w - 3*w + 3*w**3 + 3*w**3. What is the units digit of y(d)?
2
Suppose -16*x = -d - 19*x + 1455, -x - 1443 = -d. What is the hundreds digit of d?
4
Suppose 5*k - 279 = 3*z + 712, -3*k + 2*z = -594. Suppose -5*j + k + 105 = 0. What is the units digit of j?
1
Suppose -2590346 + 3535503 = -331*s + 9377382. What is the units digit of s?
5
Suppose -10*s - 178780 = -42*s + 394884. What is the hundreds digit of s?
9
Let q(o) = -o**3 - 5*o**2 - 8*o - 12. Let t be q(-4). Suppose -2*m - 2*s = 2*m - 6128, t*m = -s + 6128. What is the thousands digit of m?
1
Let v(y) be the third derivative of 7*y**2 + 0*y + 0 + 1/10*y**5 - 1/6*y**4 - 7/6*y**3 + 1/120*y**6. What is the tens digit of v(-5)?
3
Let c be 3/(-4)*340/(-51). Suppose 2465 = c*z + 2*a, -3*a = -3*z + z + 1005. What is the hundreds digit of z?
4
Let r(a) = 885*a**2 + 263*a + 20. What is the hundreds digit of r(-4)?
1
Let x be (60 + 1)*(-48 - -11). Let z = -1520 - x. What is the units digit of z?
7
Suppose x = 4, 3*b + 3*x = 14666 - 3962. What is the hundreds digit of b?
5
Let r be (30/(-12) - -3)*-2. What is the hundreds digit of 1 + r + 540 - (-210)/(-70)?
5
Suppose -20*u - 67727 = 27*u. Let v = -847 - u. What is the tens digit of v?
9
Let w(s) = 9 + 11*s - 2*s**2 + s**2 - 21 + 9. Let z be w(10). Let t(x) = -x**3 + 9*x**2 - 4*x - 8. What is the tens digit of t(z)?
6
Let y = 11 - 18. Let w(s) = -16*s + 6. Let a(t) = 15*t - 7. Let f(l) = y*a(l) - 6*w(l). What is the tens digit of f(-6)?
6
Let v(j) = 3551*j + 4884. What is the thousands digit of v(8)?
3
Suppose -4*m + 3*m = -f - 3765, -f + 15035 = 4*m. What is the tens digit of m?
6
Suppose -2*o + 264 = 2*a + 2*a, o = -4*a + 268. Suppose -17 = 5*p + a. Let i(u) = -6*u - 38. What is the tens digit of i(p)?
6
Let g(u) = 21*u**2 + 429*u + 83. What is the units digit of g(-32)?
9
What is the units digit of -5 + 13242/(-12)*((0 - -6) + -20)?
4
Let r = -58 - -60. Let i be (-4 - (r + -2))*5/(-4). Suppose x - i*x = 4*g - 96, 0 = 3*x + 2*g - 71. What is the units digit of x?
3
Let t = -42810 - -62397. What is the units digit of t?
7
Let y = -38 + 43. Suppose -y*s + 47 = -18. Suppose 0 = -q + 2*j + 133, 5*q - 4*j - s - 652 = 0. What is the hundreds digit of q?
1
Let g = 18 + -4. Suppose 3*z + g = 53. Suppose -18*a + z*a = -320. What is the tens digit of a?
6
Suppose 4*n - h + 11 = -4*h, -3*h = n + 14. What is the units digit of ((-2)/6)/(n/(-585))?
5
Let w(q) = 25*q**3 - 5*q + 8. Let z(o) be the second derivative of -o**3/6 + o**2/2 - 6*o. Let t(g) = w(g) - 5*z(g). What is the tens digit of t(2)?
0
Suppose -2*x - 40 = -4*v, 4*v + 2*x - 14 = 42. Suppose 2*w - 2178 = 6*a - 10*a, -4*a = -v. What is the units digit of w?
3
Let i = -218 - -318. Let z = i + -103. What is the units digit of 127 + 2 + (z/3 - 3)?
5
Let p(k) = -k**3 + 13*k**2 + 4*k - 24. Let c be p(13). What is the units digit of (-1444)/(-16) + (-7)/c?
0
Suppose 0*b - 4*g = -b + 8213, -b - g + 8198 = 0. What is the units digit of b?
1
Let q(h) = 2*h**2 + 3*h - 3. Let c be q(1). Suppose -2*z - c*z - 16 = 0. Let s(j) = 4*j**2 - 3*j + 7. What is the units digit of s(z)?
3
Let b be 5 + (-11)/(33/(-12)). Suppose 2*u + g = 203, 2*g + 426 = -5*u + b*u. What is the tens digit of u?
0
Let m = 7298 - 1334. What is the units digit of m?
4
What is the hundreds digit of -4*(-18)/(-24) - (-2 + -3*1954)?
8
Suppose 5*p = -3*b - 4406 + 33, -5*b - 7305 = 5*p. Let u = -175 - b. What is the thousands digit of u?
1
Suppose -29 = 5*s - 54. Suppose 0*d + 20 = s*d. Suppose -204 = -y + 5*o, -y + 202 = -d*o + o. What is the units digit of y?
9
Let t = -6386 - -6833. What is the hundreds digit of t?
4
Let o be 14036/66*(-6)/((-4)/(-2)). Let c = 1155 + o. Suppose 0 = 5*j + 4*d - 484 - 32, -5*j = 3*d - c. What is the units digit of j?
4
Let o = -980 + 1909. Suppose -2*w = -f + o, 0 = 4*f - 3*w - 2570 - 1126. What is the hundreds digit of f?
9
Suppose -319 = -5*n - 2*k + 968, -1280 = -5*n + 5*k. Let h = n + -8. What is the units digit of h?
9
Let o = 7 - 11. Let z be o - 87/2 - (-6)/(-4). Let f = 243 + z. What is the units digit of f?
4
Let k = -19027 - -29902. What is the hundreds digit of k?
8
Let z = -42 - 410. Let u be (-2 - z) + 1/1. Suppose 107 = 9*q - u. What is the tens digit of q?
6
Suppose -5*p = 2*r - 7*p + 28, 0 = 5*r - p + 62. What is the hundreds digit of 557*1 + (-13 - r) + 2?
5
Let x = 256 - 234. What is the tens digit of (-114)/(-209) - (-538)/x?
2
Let l be 1 - 1 - -144*(2 - 4). Let r = l + 503. What is the hundreds digit of r?
2
Let v(q) = q**3 - 16*q**2 + 14*q + 16. Let n be v(15). Let j be 297/63 + -2*n/(-7). Suppose -3*y = j*c + 42 - 241, 2*c = 5*y - 342. What is the tens digit of y?
6
Let n be -2 + 938/63*-3 - (-10)/(-30). Let i be (-1*1 - 0) + -55. Let c = n - i. What is the units digit of c?
9
Let b(j) = j**2 + j + 20. Let o be b(0). Suppose t - o = -3*t. Suppose -t*k - k = -198. What is the units digit of k?
3
Let p = -161 - -158. Let k(x) = -4*x**3 + 2*x**2 - 7*x - 8. What is the hundreds digit of k(p)?
1
Let d(u) = -3307*u + 1139. What is the hundreds digit of d(-8)?
5
Suppose x + 10 = -3*x + 2*m, 4*x + 2*m = 10. Suppose -29*n + 33*n - 6468 = x. What is the thousands digit of n?
1
Let l = -472 + 923. Let q = -157 - 81. Let f = q + l. What is the hundreds digit of f?
2
Suppose -2*q + 3*h = -30 + 1, -5*q - 3*h = -83. Let g = -94 + q. Let s = g + 126. What is the tens digit of s?
4
Suppose -30*h = -8938 - 962. Let t(x) = x**3 - 6*x**2 - 5*x - 6. Let z be t(7). What is the tens digit of h/z + 1/(-4)?
4
Let s be (-3)/(((-63)/6)/(-7))*4. Let n be ((-1020)/s)/(6/16). Suppose 14*z - n = 10*z. What is the tens digit of z?
8
Suppose 4 + 8 = 4*p. Suppose -4*x = 8, m - 6*x - 114 = -p*x. Suppose -2*y + m = z, -8*y + 7*y - 5*z + 63 = 0. What is the tens digit of y?
5
Let t(h) = 2*h + 5. Let q be t(-3). What is the units digit of (9/(-18))/((3/234)/q)?
9
Suppose -8*p = -4*p - 2012. Suppose 2*j - w = p + 93, 0 = 5*w. What is the units digit of j?
8
Let a(d) = 2*d**2 + 16*d + 43. Let s = -83 + 76. What is the tens digit of a(s)?
2
Suppose -104*f + 66981 + 351570 = 29*f. What is the thousands digit of f?
3
Let k = 93 + -92. Suppose 8*v - 7*v = 2*t + 230, -t - k = 0. Suppose 3*f - 605 = 5*m, -337 - v = -3*f - 5*m. Wh